ose -2*p = p - 105. List the prime factors of -3 + (3 + p - 3).
2
Let m = 2 - -58. What are the prime factors of m?
2, 3, 5
Suppose 5*b - 690 - 1117 = n, n = 3*b - 1085. What are the prime factors of b?
19
Let u be (1 + (-3)/2)*0. Suppose -5*c - 1 + 21 = 0. Suppose 3*q - 21 = -c*z + 4, z + 5*q + 15 = u. List the prime factors of z.
2, 5
Let y(q) = q**3 + q**2. Let p(d) = 2*d**3 + 6*d**2 + 6*d + 2. Let c(j) = -p(j) + 3*y(j). What are the prime factors of c(5)?
2, 3
Let s = 14 + 0. Suppose -2*d = -j + 2*j - 10, d + 5*j = s. Suppose -d = -0*h - h. What are the prime factors of h?
2
Suppose -d = -2*p - 3*p - 1, 1 = d. Let i be (-1)/(2 + -3 + p). Suppose 4*f - 21 = -i, -4*t + 18 = 2*f. List the prime factors of t.
2
List the prime factors of (-17)/(-2)*4 - -4.
2, 19
Suppose -3*d + 21 = 2*s, 3*s - 23 = -2*d - 4. List the prime factors of d.
5
Let o be (39/(-9) - -3)*-27. List the prime factors of (2/(-6))/((-2)/o).
2, 3
Let c(m) = m**2 - 5*m + 2. Let d be (18/30)/(2/20). What are the prime factors of c(d)?
2
Let h(r) = -r**3 + 7*r**2 + 2*r - 8. Let s be h(7). Suppose s = 2*o - 28. List the prime factors of o.
17
What are the prime factors of 5 + (-13)/(26/(-24))?
17
Let m = 13 + -10. Suppose m*h - r = 14, 2*r = 2*h - 3*r - 31. List the prime factors of h.
3
Suppose 0 = 3*w + 2*f - 457 - 529, -5*w + 1654 = -2*f. What are the prime factors of w?
2, 3, 5, 11
Suppose 490 = -5*c + 10*c. What are the prime factors of c?
2, 7
Suppose 4*d + 13 = 5*g - 13, -3*g - 5*d - 14 = 0. Suppose g*q = 0, -2*k = -0*q - q - 76. What are the prime factors of k?
2, 19
Let j(d) = 2*d + 2*d - 2*d - 3 - 3. Let y be 4/4 - (-2 - 1). What are the prime factors of j(y)?
2
Let j(m) = m + 7. Let z be j(-7). Suppose z = 5*f + 2*l + 3*l - 30, -2*l + 2 = 0. What are the prime factors of f?
5
Let y be (1 - 1)*(-1 + 0). Let d(m) = -m**2 - m. Let b be d(y). Suppose -3*x - 3 = b, -x + 17 = 3*u - 0*u. List the prime factors of u.
2, 3
Let i = 8 - 19. Let q = 19 - i. What are the prime factors of q?
2, 3, 5
Suppose 5*h + 2*c = 1135, 0 = -3*h - 0*c + c + 692. What are the prime factors of h?
229
Let k(r) = r**2 - 3*r - 3. Let x be k(-2). Suppose 3*l + 39 = 3*f, -f + x = -4*l - 9. List the prime factors of f.
2, 3
Let q(o) = o**2 + 7*o + 4. Let g be q(-7). Suppose n + g*n + 70 = 3*k, 4*k - 90 = 5*n. List the prime factors of k.
2, 5
Let t = 6 + -3. Suppose -5 - 19 = -t*y. Suppose 5*u + 4*r = 26, -2*u = 3*r - 6*r + y. List the prime factors of u.
2
List the prime factors of (-3619)/(-28) - ((-3)/4 - -1).
3, 43
Let m(v) = v + 5. Let w(a) = a**3 + a**2 - a + 12. Let s be w(0). Let y be s/(-5)*20/(-6). What are the prime factors of m(y)?
13
Let y(b) = 22*b**3 - 2*b**2 + 1. Let n = 10 - 9. What are the prime factors of y(n)?
3, 7
Suppose 3*h - 254 = -2*u - h, h - 599 = -5*u. Suppose -5*n - 24 + u = 0. List the prime factors of n.
19
Suppose -g = -5, -3*c + c + 66 = -4*g. What are the prime factors of c?
43
Suppose 0 = -2*t - o - 73, 3*t + 3*o + 174 = 63. List the prime factors of (t/2)/(-2) - 2.
7
Suppose 4*x - 3*t = 3 + 2, -3*t + 5 = x. Suppose -w - w = -x. List the prime factors of w + -2 - (-3 - 11).
13
Let i = 27 - 11. Suppose -14*t = -i*t + 102. What are the prime factors of t?
3, 17
Suppose 9*q - 13*q = -64. List the prime factors of q.
2
Let n = -12 - -17. List the prime factors of n.
5
Let t(a) be the second derivative of -2*a**3/3 - 2*a**2 - 4*a. What are the prime factors of t(-7)?
2, 3
Let g(a) = 7*a - 6. Let i be g(7). Suppose -2*h = 17 - i. List the prime factors of h.
13
Let i = -15 + 8. Let w = i - -29. Let v = w + -13. What are the prime factors of v?
3
Let k be 4/18 - 22/18. Let r = k - 1. What are the prime factors of -2 - 13/2*r?
11
Let r = 80 - -57. What are the prime factors of r?
137
Let d = 18 - 18. Suppose 5*q - 27 - 138 = d. What are the prime factors of q?
3, 11
Let f = -105 + 213. Suppose -2*l - f = -6*l. List the prime factors of l.
3
Let u(g) = g**3 + 6*g**2 + 6*g - 2. Let k be u(-5). What are the prime factors of (-30)/k - (-2)/(-7)?
2
Let c be -3*(-2 + 0 - -1). Let u(a) = 2*a**2 - 4*a + 4. What are the prime factors of u(c)?
2, 5
Let x = -49 - -85. List the prime factors of x.
2, 3
Let u(g) be the first derivative of -2*g**2 - 2*g + 3. What are the prime factors of u(-5)?
2, 3
Suppose 5*w = -0*c - 4*c + 177, -2*c + 144 = 4*w. What are the prime factors of w?
37
Let w be -7*2/(1 + -3). Let x = w + -2. Suppose x*v - 12 = 4*v. List the prime factors of v.
2, 3
Suppose -5*v = -4*j - 37, v + 2*v - 12 = -j. Suppose -2*m + 23 = -v. List the prime factors of m.
2, 7
Let g = 43 - 23. List the prime factors of g.
2, 5
List the prime factors of 0 - (0 - 3 - 35).
2, 19
Suppose -4 = -t + y - 42, 4*y = -4*t - 136. Let w = t - -50. What are the prime factors of w?
2, 7
Let k(v) = -4*v + 2. Let u(z) = -z**2 - z + 2. Suppose -6 = -4*y + 6*y. Let p be u(y). What are the prime factors of k(p)?
2, 3
Suppose 23*y = 17*y + 756. List the prime factors of y.
2, 3, 7
Let l be (-3)/(-1) - (-1 + 4). Suppose -2*b - 10 + 18 = l. What are the prime factors of b?
2
Let z(i) = i - 1. Let p(h) = -11*h - 2. Let x(w) = -p(w) + 2*z(w). What are the prime factors of x(1)?
13
Suppose 3*i - 7*i = -u + 30, -3*u - 3*i + 150 = 0. List the prime factors of u.
2, 23
Let m be (-1)/((-1)/36) - -1. Suppose 4*f - 3*b - 2*b - m = 0, 0 = 3*f - b - 14. What are the prime factors of f?
3
Let o(a) = 4*a**3 - a**2 - 2*a. Suppose -7 = -5*x + 3. Let v be o(x). Let i = -15 + v. List the prime factors of i.
3
Suppose 2*l - 449 = -5*r + 953, 2*l + 1118 = 4*r. List the prime factors of r.
2, 5, 7
Suppose -3*q - 24 + 6 = 0. List the prime factors of (4/6)/(q/(-18)).
2
Let n = -3 - -5. Let u(c) = -2*c**2 + 8*c - 8. Let k(t) = -t**2 + 4*t - 4. Let o(j) = n*u(j) - 5*k(j). List the prime factors of o(5).
3
Suppose 0 = 2*s - 4*p - 75 - 119, -s = 2*p - 93. What are the prime factors of s?
5, 19
What are the prime factors of (-1120)/(-5) + (-2 - -5)?
227
Suppose q + 4 = 2*q - m, 0 = -2*m - 8. Suppose -5*d + 0*d + 90 = q. List the prime factors of d.
2, 3
Let t(c) = 133*c + 13. What are the prime factors of t(2)?
3, 31
Suppose 10 = 5*l, -l - 64 = -i + 3*l. List the prime factors of i.
2, 3
Let a = 32 - -24. What are the prime factors of a?
2, 7
Suppose 0 = o + 3*l + 12, 0 = 4*o + l + l + 8. Suppose o = -6*v + v + 15. Suppose 18 - v = 3*p. What are the prime factors of p?
5
Suppose 4*p + 44 = 4*f + 8*p, 4*f + 5*p = 49. Let a = -9 + 5. Let s = f + a. What are the prime factors of s?
2
Suppose -2*f + 2*u = -340, -874 + 36 = -5*f - u. What are the prime factors of f?
2, 3, 7
Suppose -y + 12 = -0*y. Let z = 31 - y. What are the prime factors of z?
19
Let k(o) = 2*o**3 - 5*o**2 - 15*o + 8. What are the prime factors of k(6)?
2, 5, 17
Suppose 5*h + 76 - 211 = 0. Let m = h + -12. List the prime factors of m.
3, 5
Let c = 525 - 296. List the prime factors of c.
229
Let g = 65 + -35. List the prime factors of g.
2, 3, 5
Suppose 2*j - 22 - 5 = -5*f, 2*f - 3*j - 7 = 0. Let x(c) = -1 + 12 + 2*c - 7. List the prime factors of x(f).
2, 7
Let y(n) = -1 - 3*n + 0 + 3*n**2 + 0 + 0*n**2. Let b = -5 + 3. What are the prime factors of y(b)?
17
Let l = 45 + 70. Let y = 168 - l. List the prime factors of y.
53
Suppose -5*d - j + 0*j - 21 = 0, 2*d + 4 = 4*j. Let n(a) = -2*a. What are the prime factors of n(d)?
2
Let c = 34 + -20. Let n(o) = -o**3 - 3*o**2 - o - 4. Let d be n(-3). List the prime factors of d/3 + c/6.
2
Suppose 2*y = 55 + 33. List the prime factors of y.
2, 11
Let k(s) be the second derivative of 1/2*s**2 + 1/6*s**3 + 1/4*s**4 + 0 + 2*s - 1/20*s**5. What are the prime factors of k(3)?
2
Let f(k) = k**2 + 4*k + 6. Let b be f(-3). Suppose -4*c + 2*c + 139 = 3*j, -136 = -b*j - 5*c. What are the prime factors of j?
47
Let n(s) = -s**2 + 9*s - 6. Let j be n(5). What are the prime factors of 7/j + 122/4?
31
Let m(d) = -3*d - 3. Let v be m(-3). Let t = -5 + v. List the prime factors of 16*(t + 2/(-8)).
2, 3
Let s(m) = 5 + 27*m - 3 - 4 + 1. What are the prime factors of s(1)?
2, 13
Let k(m) = -m**3 - 3*m**2 + 6*m - 7. Let h be k(-5). Let t be -1 + (-1)/((-1)/h). Suppose -4*w = -3*w - t. List the prime factors of w.
2, 3
Suppose 0 = 4*v - 2*v - 82. List the prime factors of v.
41
Let k = 218 + -7. List the prime factors of k.
211
Let l(x) = 4*x**2